2*z. Is s(r) a prime number?
False
Let n = 0 - -5. Is 49 - (-5 + n + -2) a prime number?
False
Let i be 0*(2 + -2 + 1). Suppose 5*l - 3*m + 3 + 7 = i, -3*l - 4*m - 35 = 0. Let j(a) = -12*a - 7. Is j(l) prime?
True
Suppose 5*v - 16 = -3*o, -o - 13 = -0*v - 2*v. Suppose 2*t + v*b = 790 - 185, -2*t + 2*b + 626 = 0. Let y = -221 + t. Is y a composite number?
False
Suppose 4*p + 3*l - 2530 = 0, 2*l - 2528 = -5*p + p. Is p a prime number?
True
Suppose -2*o = -5*n - 6*o + 23511, -18800 = -4*n - o. Is n a composite number?
True
Let o(x) = 5*x - 16. Let s be o(-5). Let a = s - -220. Is a a prime number?
True
Let w be (-4)/(-10) + (-17106)/15. Let z = w - -782. Let q = z + 605. Is q prime?
False
Let j be 1/(-2) + (-123)/(-6). Let g = 2 + j. Is g prime?
False
Let o(g) = g**3 - 2*g**2 - 1. Let q(k) = 2*k**3 - 6*k**2 - k - 4. Let c(d) = 8*o(d) - 3*q(d). Suppose 5*l - 3*v = -1 + 16, -9 = -3*l - 5*v. Is c(l) prime?
False
Let t be (-3)/(-15) + (-6)/5. Is 1 + (1 - -4 - t) composite?
False
Suppose 0*f + 12 = 3*f. Suppose 5*x = 4*r + 453 - 168, f*x + 4*r = 192. Is x prime?
True
Suppose 5*g - 6*g = 0. Suppose g = -4*h + h + 273. Is h prime?
False
Let a(z) = -z**2 - z + 2. Let m be a(-2). Suppose -k = g - 11, 4*k = 4*g - 3*g + 64. Suppose -l + m*l = -k. Is l a prime number?
False
Let u be (-1)/(3/(-6)) + -1. Let o = u + 1. Suppose o*c - 13 = 5. Is c a composite number?
True
Suppose 4 = 4*r - 4. Suppose -3*j = r*j. Suppose 451 = 5*v + 3*a, 5*v - 4*a - 265 - 172 = j. Is v a prime number?
True
Let m be (-2)/((10/(-8))/5). Let l(s) = 2*s + 5. Is l(m) composite?
True
Suppose -p + 2*p = 157. Is p composite?
False
Let q be 1/5 - 882/10. Let g be q/20 - (-2)/5. Let n(w) = -w**3 - 3*w**2 - 3*w - 2. Is n(g) a composite number?
True
Let m be 6*(-3)/(-6)*1. Let w(v) = -v**3 + 4*v**2 - 2*v - 3. Let f be w(m). Is -1 + -1 - -57 - f a prime number?
False
Let y(k) = 46*k - 9. Is y(2) prime?
True
Let w be (-5 + -1)*(-4)/(-6). Let x = -69 + 10. Let b = w - x. Is b prime?
False
Let q(p) = -96*p + 37. Is q(-14) prime?
True
Suppose 0 = 8*z - 1609 - 735. Is z prime?
True
Is -1 - (-1 + -376 + 0 + 3) a prime number?
True
Is (-3)/(-5) + (-10458)/(-45) a composite number?
False
Suppose 4*t = 5*g + 2, g = -0*g + 2. Suppose -h - 154 = -t*h. Is h prime?
False
Suppose 36 = 5*h + 2*o, 2*h - 32 = -3*o - 11. Is ((-38)/3)/(h/(-9)) prime?
True
Let a be 2 - 5 - 1984/8. Let y = 354 + a. Is y a composite number?
False
Suppose -4*f + 2*f + 79 = d, 4*d - 3*f = 371. Is d prime?
True
Let o be ((-3)/15*-8)/(1/(-5)). Let l(m) = 5*m + 11. Let d(r) = -5*r - 12. Let c(x) = -4*d(x) - 5*l(x). Is c(o) a composite number?
True
Suppose -2*c + 1536 = 134. Is c prime?
True
Suppose -3*m = -m + 20. Let p(i) = -2 + 10*i**2 + i**3 - 59*i - 3 + 55*i. Is p(m) a composite number?
True
Let j be 8/4*(1 + 1). Let k be 5/j*(-7 - -11). Suppose 5*r = 4*m - 128, 0 = -k*m - 0*m + 3*r + 173. Is m prime?
True
Let x(y) = -y**3 - 4*y**2 - 2*y - 7. Let g(p) = -p**2 - 10*p - 10. Let f be g(-8). Suppose k - f*k = 30. Is x(k) a prime number?
False
Suppose -3*s + 1787 + 2446 = 0. Is s a composite number?
True
Let c(k) = 16*k**2 + 31*k - 6. Let t(f) = 5*f**2 + 10*f - 2. Let d(y) = -2*c(y) + 7*t(y). Let u(n) = -3*n + 29. Let x be u(12). Is d(x) a prime number?
True
Is (-1 + 0)*(-5 + -2328) a prime number?
True
Suppose -3*o - 16 = 38. Let r(w) = w**2 + 7*w + 1. Let x be r(-3). Let k = x - o. Is k a prime number?
True
Suppose -4 = -4*d + 8. Is (-633)/6*(-5 + d) a composite number?
False
Let a be (-2 - -1)/(3/198). Let l be (2 - -4)/(6/4). Is (l/(-6))/(4/a) composite?
False
Let d(x) = x**2 - 11*x + 4. Let w be d(11). Suppose 0*z = w*z - 532. Is z a composite number?
True
Let j(l) = -4. Let f(v) = -v. Let b(o) = f(o) - j(o). Let z = 2 - 5. Is b(z) a prime number?
True
Suppose 2*r - 2 = -4. Is (-5)/(-10)*(675 + r) a prime number?
True
Let j be 222/(-4)*(-20)/3. Let p(o) = -o**2 + 6*o - 4. Let a be p(4). Is j - 0 - (3 - a) a prime number?
False
Let r(y) = 111*y - 25. Is r(4) composite?
False
Let b(s) be the second derivative of s**4/6 - s**3/2 - 2*s**2 - s. Is b(-3) composite?
False
Suppose 2*m + 3*m - 145 = 0. Is (m*-2)/((-26)/91) a composite number?
True
Let h be (3/3)/(3/177). Suppose -h = -5*b + 36. Is b a composite number?
False
Let x(n) = n**3 + 5*n**2 - n - 4. Let r be x(-5). Let q(s) = 2*s - 1 + 0*s + 0*s + 32*s**2. Is q(r) a composite number?
True
Let q(d) = d**3 - 3*d**2 - 2*d + 2. Let l be q(2). Let v(m) = -12*m + 5. Is v(l) a composite number?
True
Is 904/10 - 6/(-10) prime?
False
Let n = -11 + 15. Suppose -n*s - 34 + 182 = d, 0 = 4*s + 3*d - 148. Is s a composite number?
False
Let t be 10/(-15)*(-4 + 1). Let v be (15 + t - 0)*5. Suppose p + v - 208 = 0. Is p a composite number?
True
Is 63/(-42)*(-59)/3*14 a prime number?
False
Let x be (3 + -1)/((-8)/(-28)). Let y(a) = 0*a**3 - 3*a - a**3 - x - 2*a**2 - 4*a**2. Is y(-6) prime?
True
Suppose 3*s + 14 = 4*c - 0, -s = -c + 3. Suppose c*b = 3*b + 222. Is b composite?
True
Let d(q) = 12*q**2 + q - 4. Let f be d(4). Let o = f + -5. Is o a composite number?
True
Suppose -4*d = -218 + 30. Is d prime?
True
Let q(p) = -p**2 - p + 12. Let r be q(0). Let n be 2/r*2*-6. Is 2/((-1)/(37/n)) composite?
False
Let t be 63*9 + (1 - 0). Let z be (t/12)/((-2)/(-3)). Suppose j + 20 = b - z, 4*j - 206 = -2*b. Is b prime?
False
Let s be 4/(-8) + (-1554)/(-4). Suppose 0 = n + 3*n - s. Is n a prime number?
True
Suppose 14*n - 16*n = -78. Suppose -2*f + 8 = -v, 4*f - 4*v + 0*v - 12 = 0. Suppose -f*h - o = n - 114, o = 5. Is h a prime number?
False
Suppose 53 = 2*h + 15. Is h prime?
True
Let q(s) = 30*s**2 - 2*s + 1 - 12*s**2 - 10*s**2. Is q(-3) composite?
False
Let f(i) = -i**3 + 9*i**2 - 8*i. Let r be f(8). Suppose s - 4*s + 105 = r. Is 1/(1*1/s) a prime number?
False
Suppose -9 = 2*o - 3, -642 = -f - o. Let h = f + -253. Suppose 4*w - 47 = 5*i - h, -3*w - 15 = 0. Is i a prime number?
False
Let u be 4/(-16)*4/(-1). Let d(n) = 37*n. Is d(u) a prime number?
True
Suppose -3*a + 0*a = -2*r - 583, 4*a + r - 759 = 0. Is a prime?
True
Suppose 0 = 2*m + 2*u - 0 - 34, -5*m + 4*u + 76 = 0. Suppose -m = -n + 21. Is n a prime number?
True
Let c(j) = 9*j**2 - j**3 + 3*j**2 + 7 + 5*j - 2*j**2. Let z be c(10). Suppose -5*s = 7 - z. Is s a prime number?
False
Let y(f) = -f**2 + f + 2. Let r be y(0). Suppose 5*p = 2*v + 5285, p - 2*v - r*v - 1039 = 0. Suppose m + 4*m - 20 = 0, 5*c - p = -m. Is c composite?
False
Let r = 8 - 4. Suppose -r*u - 210 = -u. Let k = -39 - u. Is k a composite number?
False
Suppose -2*t + 544 = 164. Suppose 2*j + t = 7*j. Let y = -15 + j. Is y a composite number?
False
Let j(y) = y**2 + y + 12. Let d be j(0). Is (-3994)/(-8) - d/48 a composite number?
False
Suppose 0 = -2*k - 6 + 16. Suppose 5*f - 4 = -l, -2*f + 9 = k*l - 11. Suppose l*t = -2*u + t + 83, 0 = 2*u + t - 73. Is u a composite number?
True
Suppose -d - 4 = -2*d. Let t = d + 19. Is t a prime number?
True
Let o(v) = 13*v - 2. Suppose 3*k - 2*k = 3. Is o(k) composite?
False
Suppose -3*c - 2*c = -3*v - 43, 0 = -5*c + 5*v + 45. Suppose -3*x + c*x = 20. Suppose x*m - 105 = 211. Is m prime?
True
Suppose -2*f + 296 = -108. Let l = f + -131. Is l composite?
False
Suppose -3*k + 286 = -k. Suppose 0 = -2*d - 2*c + 148, -k = 5*d - c - 543. Is d prime?
True
Let i be (-8)/(-1 + (-22)/(-24)). Suppose -4*c + 140 + i = 0. Is c a composite number?
False
Let n = 31 + 46. Is n composite?
True
Is (-3412)/8*(-7 + 3) prime?
False
Suppose -m + 5*o = -58, -2*m = o - 4*o - 95. Is m a composite number?
False
Suppose 4*r = 3*r - 4. Is (442/(-8) - -1)*r a prime number?
False
Suppose -33*i - 889 = -34*i. Is i composite?
True
Is (-4491)/(-63) + 2/(-7) a composite number?
False
Let z = -11 - -13. Is -1 + z + (-88)/(-1) a prime number?
True
Let n(f) be the first derivative of -4/3*f**3 - 2*f - 2*f**2 - 1 - f**4. Is n(-2) prime?
False
Suppose 3*h - 2*q = 3*q - 14, 0 = 4*h + 5*q - 28. Suppose -202 = h*p - 816. Is p a composite number?
False
Suppose 3*u - 738 = 3*h, -2*h = 9*u - 5*u - 1014. Is u a composite number?
False
Suppose i - 20 = -4*i, 4*v = i + 11304. Is v prime?
False
Suppose -90 = -2*x + 52. Is x a prime number?
True
Let a be -3*((-40)/12)/2. Suppose a*g = 169 - 4. Is g prime?
False
Suppose -4*z + s = -0*s - 1560, 4*s - 1580 = -4*z. Let u = 205 + z. Suppose 3*h =